ase 4.
0
What is -104 (base 11) in base 16?
-7d
3 (base 12) to base 11
3
13 (base 4) to base 10
7
4c (base 13) to base 12
54
What is 110010 (base 2) in base 3?
1212
30 (base 4) to base 14
c
-1111 (base 3) to base 2
-101000
Convert -4 (base 9) to base 15.
-4
What is -10 (base 7) in base 16?
-7
What is -56 (base 12) in base 13?
-51
27 (base 14) to base 6
55
What is -5 (base 6) in base 2?
-101
Convert 1 (base 3) to base 9.
1
Convert -4 (base 5) to base 10.
-4
Convert 0 (base 3) to base 2.
0
What is -12 (base 11) in base 9?
-14
What is -5 (base 7) in base 3?
-12
What is 2 (base 4) in base 5?
2
What is -10001 (base 2) in base 13?
-14
Convert -23 (base 12) to base 7.
-36
-1314 (base 5) to base 3
-21202
-140 (base 6) to base 16
-3c
Convert -b (base 15) to base 13.
-b
-d5 (base 16) to base 12
-159
-dd (base 16) to base 11
-191
What is -12b (base 15) in base 3?
-100212
What is -1011 (base 3) in base 11?
-29
275 (base 9) to base 11
19a
What is -23 (base 11) in base 16?
-19
Convert -49 (base 10) to base 7.
-100
Convert 218 (base 14) to base 16.
19e
Convert 561 (base 7) to base 8.
440
Convert 1 (base 15) to base 5.
1
-a2 (base 14) to base 5
-1032
Convert -1001 (base 3) to base 5.
-103
What is 10 (base 3) in base 8?
3
2 (base 3) to base 4
2
-1b (base 12) to base 6
-35
-1 (base 4) to base 12
-1
-179 (base 10) to base 8
-263
-22 (base 6) to base 11
-13
1c (base 16) to base 12
24
6 (base 13) to base 8
6
-1 (base 9) to base 13
-1
11 (base 3) to base 13
4
Convert -1120 (base 4) to base 11.
-80
-21 (base 5) to base 7
-14
What is 82 (base 16) in base 4?
2002
211 (base 3) to base 14
18
Convert -1 (base 2) to base 9.
-1
6 (base 13) to base 7
6
4 (base 12) to base 7
4
-12 (base 4) to base 6
-10
1 (base 7) to base 6
1
What is -19 (base 15) in base 16?
-18
-3b (base 13) to base 15
-35
-12 (base 6) to base 10
-8
What is 26 (base 16) in base 5?
123
Convert 51 (base 9) to base 2.
101110
1 (base 12) to base 8
1
What is -3 (base 14) in base 6?
-3
Convert 64 (base 14) to base 6.
224
Convert -2 (base 14) to base 12.
-2
What is 10101 (base 2) in base 13?
18
-1 (base 4) to base 14
-1
-110 (base 3) to base 14
-c
-3 (base 15) to base 16
-3
What is 1 (base 5) in base 8?
1
-14 (base 10) to base 8
-16
What is -20 (base 3) in base 14?
-6
Convert 7 (base 11) to base 14.
7
11f (base 16) to base 10
287
What is -2 (base 4) in base 15?
-2
Convert 24 (base 7) to base 16.
12
Convert 38 (base 9) to base 12.
2b
Convert -13 (base 8) to base 9.
-12
15 (base 12) to base 10
17
Convert 4 (base 6) to base 2.
100
Convert 5 (base 6) to base 11.
5
Convert 10 (base 4) to base 2.
100
-11 (base 5) to base 12
-6
What is 2 (base 14) in base 11?
2
Convert 28 (base 14) to base 2.
100100
Convert 42 (base 8) to base 9.
37
-11 (base 14) to base 16
-f
1 (base 14) to base 4
1
What is 33 (base 13) in base 11?
39
What is -183 (base 12) in base 8?
-363
What is -27 (base 11) in base 7?
-41
-1 (base 2) to base 9
-1
102120 (base 3) to base 13
1b0
What is -10111 (base 2) in base 16?
-17
Convert 4 (base 7) to base 16.
4
What is -101 (base 2) in base 14?
-5
Convert 14 (base 15) to base 4.
103
-3 (base 12) to base 11
-3
Convert -7b (base 13) to base 7.
-204
Convert 10010 (base 2) to base 4.
102
What is 1 (base 3) in base 7?
1
What is 100122 (base 3) in base 2?
100000100
-4 (base 7) to base 9
-4
Convert -12 (base 6) to base 9.
-8
-2 (base 11) to base 9
-2
What is 1 (base 5) in base 14?
1
Convert -19 (base 15) to base 11.
-22
-1 (base 13) to base 7
-1
What is 1341 (base 5) in base 15?
eb
-30 (base 10) to base 5
-110
What is -92 (base 13) in base 5?
-434
What is -3 (base 16) in base 3?
-10
Convert -1200 (base 3) to base 5.
-140
ba (base 16) to base 11
15a
Convert 1 (base 6) to base 14.
1
What is -100 (base 3) in base 6?
-13
68 (base 11) to base 15
4e
-1 (base 3) to base 16
-1
What is 70 (base 12) in base 11?
77
Convert -21 (base 4) to base 5.
-14
0 (base 3) to base 14
0
What is -122 (base 5) in base 9?
-41
What is 9 (base 11) in base 4?
21
Convert -10 (base 4) to base 7.
-4
20 (base 12) to base 3
220
-17 (base 10) to base 9
-18
What is b (base 12) in base 14?
b
What is -3 (base 7) in base 12?
-3
Convert 62 (base 8) to base 3.
1212
What is -82 (base 14) in base 16?
-72
What is -6 (base 16) in base 4?
-12
-101 (base 2) to base 8
-5
180 (base 9) to base 6
413
What is 124 (base 5) in base 10?
39
What is 387 (base 10) in base 3?
112100
Convert -d (base 14) to base 10.
-13
What is -334 (base 7) in base 11?
-147
Convert -2 (base 6) to base 16.
-2
37 (base 13) to base 9
51
What is 0 (base 4) in base 9?
0
-1 (base 16) to base 8
-1
What is 3a (base 16) in base 11?
53
What is -8 (base 9) in base 5?
-13
What is -30 (base 10) in base 11?
-28
Convert 0 (base 7) to base 13.
0
-7 (base 11) to base 12
-7
Convert 0 (base 7) to base 9.
0
1110 (base 2) to base 10
14
What is -3 (base 14) in base 7?
-3
4 (base 8) to base 11
4
-24 (base 7) to base 13
-15
Convert 45 (base 6) to base 14.
21
Convert 501 (base 6) to base 15.
c1
What is 1112 (base 4) in base 12?
72
9 (base 12) to base 7
12
5 (base 7) to base 13
5
0 (base 7) to base 4
0
-113 (base 4) to base 11
-21
What is -1101 (base 2) in base 13?
-10
Convert 39 (base 11) to base 10.
42
102 (base 3) to base 13
b
3f (base 16) to base 13
4b
Convert 6 (base 12) to base 3.
20
What is 303 (base 5) in base 2?
1001110
1 (base 3) to base 2
1
What is 5 (base 7) in base 9?
5
1001010 (base 2) to base 9
82
Convert -a8 (base 13) to base 9.
-163
What is 0 (base 10) in base 9?
0
What is 0 (base 13) in base 4?
0
What is -7 (base 11) in base 12?
-7
What is -18 (base 12) in base 16?
-14
Convert -15 (base 8) to base 3.
-111
Convert 91 (base 13) to base 3.
11101
2 (base 13) to base 14
2
20 (base 15) to base 3
1010
Convert -32 (base 13) to base 7.
-56
111111 (base 2) to base 16
3f
Convert 0 (base 10) to base 12.
0
-d (base 15) to base 5
-23
What is 32 (base 7) in base 2?
10111
Convert 83 (base 13) to base 7.
212
Convert 10 (base 3) to base 9.
3
-2022 (base 3) to base 11
-57
What is -1 (base 4) in base 10?
-1
-21 (base 3) to base 8
-7
What is -1000111 (base 2) in base 11?
-65
What is 10110 (base 2) in base 15?
17
Convert 0 (base 12) to base 8.
0
Convert -123 (base 11) to base 9.
-172
What is -42 (base 13) in base 16?
-36
-10100010 (base 2) to base 13
-c6
-19 (base 15) to base 16
-18
-30 (base 6) to base 4
-102
What is 1 (base 6) in base 5?
1
-5 (base 14) to base 16
-5
What is 14 (base 11) in base 10?
15
Convert -37 (base 9) to base 12.
-2a
-10 (base 2) to base 12
-2
Convert 122 (base 4) to base 12.
22
-26 (base 10) to base 12
-22
Convert 57 (base 9) to base 6.
124
Convert 111 (base 2) to base 5.
12
What is -13 (base 7) in base 14?
-a
Convert 14 (base 15) to base 13.
16
Convert -1021 (base 6) to base 8.
-345
34 (base 9) to base 10
31
11 (base 4) to base 16
5
What is 1 (base 16) in base 6?
1
What is 1 (base 3) in base 6?
1
What is -12 (base 6) in base 9?
-8
Convert -8 (base 13) to base 6.
-12
What is -5 (base 6) in base 2?
-101
Convert 62 (base 9) to base 7.
110
Convert 5 (base 14) to base 10.
5
-101021 (base 3) to base 14
-15b
Convert -40 (base 7) to base 9.
-31
What is 18 (base 13) in base 2?
10101
-16 (base 10) to base 2
-10000
Convert 1 (base 14) to base 7.
1
Convert -5 (base 11) to base 15.
-5
What is -10111 (base 3) in base 6?
-234
0 (base 13) to base 6
0
What is 3 (base 7) in base 12?
3
What is -100011 (base 2) in base 8?
-43
1 (base 14) to base 15
1
55 (base 15) to base 8
120
What is 1b (base 14) in base 8?
31
3 (base 5) to base 13
3
What is -1101101 (base 2) in base 9?
-131
-17 (base 10) to base 6
-25
What is -1 (base 10) in base 6?
-1
Convert 18 (base 11) to base 8.
23
Convert 1d (base 16) to base 5.
104
b (base 14) to base 16
b
Convert -5 (base 15) to base 16.
-5
What is -1001 (base 2) in base 3?
-100
What is -6 (base 12) in base 4?
-12
100 (base 9) to base 13
63
Convert -11 (base 6) to base 14.
-7
21 (base 14) to base 12
25
Convert -3 (base 6) to base 3.
-10
What is 162 (base 11) in base 13?
117
What is 1 (base 16) in base 13?
1
Convert -c2 (base 14) to base 12.
-122
-120 (base 5) to base 13
-29
Convert -113 (base 5) to base 3.
-1020
Convert -26 (base 9) to base 6.
-40
What is -47 (base 8) in base 7?
-54
0 (base 10) to base 12
0
What is -48 (base 15) in base 10?
-68
What is -100000000 (base 2) in base 10?
-2